{"version":"1.0","provider_name":"Noticias Grupo Recoletas","provider_url":"https:\/\/www.gruporecoletas.com\/noticias","author_name":"Recoletas Red Hospitalaria","author_url":"https:\/\/www.gruporecoletas.com\/noticias\/author\/comunicacion\/","title":"3\u00aa edad: Sedentarismo, una mala costumbre","type":"rich","width":600,"height":338,"html":"<blockquote class=\"wp-embedded-content\" data-secret=\"Qtm9WzviMM\"><a href=\"https:\/\/www.gruporecoletas.com\/noticias\/3a-edad-sedentarismo-una-mala-costumbre\/\">3\u00aa edad: Sedentarismo, una mala costumbre<\/a><\/blockquote><iframe sandbox=\"allow-scripts\" security=\"restricted\" src=\"https:\/\/www.gruporecoletas.com\/noticias\/3a-edad-sedentarismo-una-mala-costumbre\/embed\/#?secret=Qtm9WzviMM\" width=\"600\" height=\"338\" title=\"\u00ab3\u00aa edad: Sedentarismo, una mala costumbre\u00bb \u2014 Noticias Grupo Recoletas\" data-secret=\"Qtm9WzviMM\" frameborder=\"0\" marginwidth=\"0\" marginheight=\"0\" scrolling=\"no\" class=\"wp-embedded-content\"><\/iframe><script type=\"text\/javascript\">\n\/* <![CDATA[ *\/\n\/*! This file is auto-generated *\/\n!function(d,l){\"use strict\";l.querySelector&&d.addEventListener&&\"undefined\"!=typeof URL&&(d.wp=d.wp||{},d.wp.receiveEmbedMessage||(d.wp.receiveEmbedMessage=function(e){var t=e.data;if((t||t.secret||t.message||t.value)&&!\/[^a-zA-Z0-9]\/.test(t.secret)){for(var s,r,n,a=l.querySelectorAll('iframe[data-secret=\"'+t.secret+'\"]'),o=l.querySelectorAll('blockquote[data-secret=\"'+t.secret+'\"]'),c=new RegExp(\"^https?:$\",\"i\"),i=0;i<o.length;i++)o[i].style.display=\"none\";for(i=0;i<a.length;i++)s=a[i],e.source===s.contentWindow&&(s.removeAttribute(\"style\"),\"height\"===t.message?(1e3<(r=parseInt(t.value,10))?r=1e3:~~r<200&&(r=200),s.height=r):\"link\"===t.message&&(r=new URL(s.getAttribute(\"src\")),n=new URL(t.value),c.test(n.protocol))&&n.host===r.host&&l.activeElement===s&&(d.top.location.href=t.value))}},d.addEventListener(\"message\",d.wp.receiveEmbedMessage,!1),l.addEventListener(\"DOMContentLoaded\",function(){for(var e,t,s=l.querySelectorAll(\"iframe.wp-embedded-content\"),r=0;r<s.length;r++)(t=(e=s[r]).getAttribute(\"data-secret\"))||(t=Math.random().toString(36).substring(2,12),e.src+=\"#?secret=\"+t,e.setAttribute(\"data-secret\",t)),e.contentWindow.postMessage({message:\"ready\",secret:t},\"*\")},!1)))}(window,document);\n\/\/# sourceURL=https:\/\/www.gruporecoletas.com\/noticias\/wp-includes\/js\/wp-embed.min.js\n\/* ]]> *\/\n<\/script>\n","thumbnail_url":"https:\/\/www.gruporecoletas.com\/noticias\/wp-content\/uploads\/2017\/03\/vidasedentaria.jpg","thumbnail_width":1400,"thumbnail_height":933,"description":"La vejez es una etapa de la vida tan plena como cualquier otra pero est\u00e1 claro que la edad tambi\u00e9n implica unos cuidados a\u00f1adidos para poder mantener el bienestar. Lo cierto es que hoy d\u00eda, tras la jubilaci\u00f3n, cualquier persona puede disfrutar de una calidad de vida excelente durante muchos a\u00f1os. Es decir, puede aprovechar [&hellip;]"}

3ª edad: Sedentarismo, una mala costumbre

<blockquote class="wp-embedded-content" data-secret="Qtm9WzviMM"><a href="https://www.gruporecoletas.com/noticias/3a-edad-sedentarismo-una-mala-costumbre/">3ª edad: Sedentarismo, una mala costumbre</a></blockquote><iframe sandbox="allow-scripts" security="restricted" src="https://www.gruporecoletas.com/noticias/3a-edad-sedentarismo-una-mala-costumbre/embed/#?secret=Qtm9WzviMM" width="600" height="338" title="«3ª edad: Sedentarismo, una mala costumbre» — Noticias Grupo Recoletas" data-secret="Qtm9WzviMM" frameborder="0" marginwidth="0" marginheight="0" scrolling="no" class="wp-embedded-content"></iframe><script type="text/javascript">
/* <![CDATA[ */
/*! This file is auto-generated */
!function(d,l){"use strict";l.querySelector&&d.addEventListener&&"undefined"!=typeof URL&&(d.wp=d.wp||{},d.wp.receiveEmbedMessage||(d.wp.receiveEmbedMessage=function(e){var t=e.data;if((t||t.secret||t.message||t.value)&&!/[^a-zA-Z0-9]/.test(t.secret)){for(var s,r,n,a=l.querySelectorAll('iframe[data-secret="'+t.secret+'"]'),o=l.querySelectorAll('blockquote[data-secret="'+t.secret+'"]'),c=new RegExp("^https?:$","i"),i=0;i<o.length;i++)o[i].style.display="none";for(i=0;i<a.length;i++)s=a[i],e.source===s.contentWindow&&(s.removeAttribute("style"),"height"===t.message?(1e3<(r=parseInt(t.value,10))?r=1e3:~~r<200&&(r=200),s.height=r):"link"===t.message&&(r=new URL(s.getAttribute("src")),n=new URL(t.value),c.test(n.protocol))&&n.host===r.host&&l.activeElement===s&&(d.top.location.href=t.value))}},d.addEventListener("message",d.wp.receiveEmbedMessage,!1),l.addEventListener("DOMContentLoaded",function(){for(var e,t,s=l.querySelectorAll("iframe.wp-embedded-content"),r=0;r<s.length;r++)(t=(e=s[r]).getAttribute("data-secret"))||(t=Math.random().toString(36).substring(2,12),e.src+="#?secret="+t,e.setAttribute("data-secret",t)),e.contentWindow.postMessage({message:"ready",secret:t},"*")},!1)))}(window,document);
//# sourceURL=https://www.gruporecoletas.com/noticias/wp-includes/js/wp-embed.min.js
/* ]]> */
</script>

La vejez es una etapa de la vida tan plena como cualquier otra pero está claro que la edad también implica unos cuidados añadidos para poder mantener el bienestar. Lo cierto es que hoy día, tras la jubilación, cualquier persona puede disfrutar de una calidad de vida excelente durante muchos años. Es decir, puede aprovechar [&hellip;]
