{"version":"1.0","provider_name":"Noticias Grupo Recoletas","provider_url":"https:\/\/www.gruporecoletas.com\/noticias","author_name":"Recoletas Red Hospitalaria","author_url":"https:\/\/www.gruporecoletas.com\/noticias\/author\/comunicacion\/","title":"Apendicitis. \u00bfC\u00f3mo detectarla a tiempo?","type":"rich","width":600,"height":338,"html":"<blockquote class=\"wp-embedded-content\" data-secret=\"xzK4xLRY2E\"><a href=\"https:\/\/www.gruporecoletas.com\/noticias\/apendicitis-detectarla-tiempo\/\">Apendicitis. \u00bfC\u00f3mo detectarla a tiempo?<\/a><\/blockquote><iframe sandbox=\"allow-scripts\" security=\"restricted\" src=\"https:\/\/www.gruporecoletas.com\/noticias\/apendicitis-detectarla-tiempo\/embed\/#?secret=xzK4xLRY2E\" width=\"600\" height=\"338\" title=\"\u00abApendicitis. \u00bfC\u00f3mo detectarla a tiempo?\u00bb \u2014 Noticias Grupo Recoletas\" data-secret=\"xzK4xLRY2E\" frameborder=\"0\" marginwidth=\"0\" marginheight=\"0\" scrolling=\"no\" class=\"wp-embedded-content\"><\/iframe><script type=\"text\/javascript\">\n\/* <![CDATA[ *\/\n\/*! This file is auto-generated *\/\n!function(d,l){\"use strict\";l.querySelector&&d.addEventListener&&\"undefined\"!=typeof URL&&(d.wp=d.wp||{},d.wp.receiveEmbedMessage||(d.wp.receiveEmbedMessage=function(e){var t=e.data;if((t||t.secret||t.message||t.value)&&!\/[^a-zA-Z0-9]\/.test(t.secret)){for(var s,r,n,a=l.querySelectorAll('iframe[data-secret=\"'+t.secret+'\"]'),o=l.querySelectorAll('blockquote[data-secret=\"'+t.secret+'\"]'),c=new RegExp(\"^https?:$\",\"i\"),i=0;i<o.length;i++)o[i].style.display=\"none\";for(i=0;i<a.length;i++)s=a[i],e.source===s.contentWindow&&(s.removeAttribute(\"style\"),\"height\"===t.message?(1e3<(r=parseInt(t.value,10))?r=1e3:~~r<200&&(r=200),s.height=r):\"link\"===t.message&&(r=new URL(s.getAttribute(\"src\")),n=new URL(t.value),c.test(n.protocol))&&n.host===r.host&&l.activeElement===s&&(d.top.location.href=t.value))}},d.addEventListener(\"message\",d.wp.receiveEmbedMessage,!1),l.addEventListener(\"DOMContentLoaded\",function(){for(var e,t,s=l.querySelectorAll(\"iframe.wp-embedded-content\"),r=0;r<s.length;r++)(t=(e=s[r]).getAttribute(\"data-secret\"))||(t=Math.random().toString(36).substring(2,12),e.src+=\"#?secret=\"+t,e.setAttribute(\"data-secret\",t)),e.contentWindow.postMessage({message:\"ready\",secret:t},\"*\")},!1)))}(window,document);\n\/\/# sourceURL=https:\/\/www.gruporecoletas.com\/noticias\/wp-includes\/js\/wp-embed.min.js\n\/* ]]> *\/\n<\/script>\n","thumbnail_url":"https:\/\/www.gruporecoletas.com\/noticias\/wp-content\/uploads\/2017\/03\/anciano-y-me\u0301dico-dolor.jpg","thumbnail_width":1400,"thumbnail_height":933,"description":"La apendicitis aguda es una enfermedad inflamatoria infecciosa del ap\u00e9ndice cecal, que, como su nombre lo indica, es un ap\u00e9ndice que tiene la parte inicial del intestino grueso, denominada ciego. Al ser una inflamaci\u00f3n aguda, el dolor es de r\u00e1pido inicio. Si uno siente molestias hace meses lo m\u00e1s probables es que no sea apendicitis. [&hellip;]"}

Apendicitis. ¿Cómo detectarla a tiempo?

<blockquote class="wp-embedded-content" data-secret="xzK4xLRY2E"><a href="https://www.gruporecoletas.com/noticias/apendicitis-detectarla-tiempo/">Apendicitis. ¿Cómo detectarla a tiempo?</a></blockquote><iframe sandbox="allow-scripts" security="restricted" src="https://www.gruporecoletas.com/noticias/apendicitis-detectarla-tiempo/embed/#?secret=xzK4xLRY2E" width="600" height="338" title="«Apendicitis. ¿Cómo detectarla a tiempo?» — Noticias Grupo Recoletas" data-secret="xzK4xLRY2E" frameborder="0" marginwidth="0" marginheight="0" scrolling="no" class="wp-embedded-content"></iframe><script type="text/javascript">
/* <![CDATA[ */
/*! This file is auto-generated */
!function(d,l){"use strict";l.querySelector&&d.addEventListener&&"undefined"!=typeof URL&&(d.wp=d.wp||{},d.wp.receiveEmbedMessage||(d.wp.receiveEmbedMessage=function(e){var t=e.data;if((t||t.secret||t.message||t.value)&&!/[^a-zA-Z0-9]/.test(t.secret)){for(var s,r,n,a=l.querySelectorAll('iframe[data-secret="'+t.secret+'"]'),o=l.querySelectorAll('blockquote[data-secret="'+t.secret+'"]'),c=new RegExp("^https?:$","i"),i=0;i<o.length;i++)o[i].style.display="none";for(i=0;i<a.length;i++)s=a[i],e.source===s.contentWindow&&(s.removeAttribute("style"),"height"===t.message?(1e3<(r=parseInt(t.value,10))?r=1e3:~~r<200&&(r=200),s.height=r):"link"===t.message&&(r=new URL(s.getAttribute("src")),n=new URL(t.value),c.test(n.protocol))&&n.host===r.host&&l.activeElement===s&&(d.top.location.href=t.value))}},d.addEventListener("message",d.wp.receiveEmbedMessage,!1),l.addEventListener("DOMContentLoaded",function(){for(var e,t,s=l.querySelectorAll("iframe.wp-embedded-content"),r=0;r<s.length;r++)(t=(e=s[r]).getAttribute("data-secret"))||(t=Math.random().toString(36).substring(2,12),e.src+="#?secret="+t,e.setAttribute("data-secret",t)),e.contentWindow.postMessage({message:"ready",secret:t},"*")},!1)))}(window,document);
//# sourceURL=https://www.gruporecoletas.com/noticias/wp-includes/js/wp-embed.min.js
/* ]]> */
</script>

La apendicitis aguda es una enfermedad inflamatoria infecciosa del apéndice cecal, que, como su nombre lo indica, es un apéndice que tiene la parte inicial del intestino grueso, denominada ciego. Al ser una inflamación aguda, el dolor es de rápido inicio. Si uno siente molestias hace meses lo más probables es que no sea apendicitis. [&hellip;]
