{"version":"1.0","provider_name":"Noticias Grupo Recoletas","provider_url":"https:\/\/www.gruporecoletas.com\/noticias","author_name":"Recoletas Red Hospitalaria","author_url":"https:\/\/www.gruporecoletas.com\/noticias\/author\/comunicacion\/","title":"Aulas de la Salud - El Norte de Castilla - David Galarreta Mira","type":"rich","width":600,"height":338,"html":"<blockquote class=\"wp-embedded-content\" data-secret=\"gOM4dbBkrl\"><a href=\"https:\/\/www.gruporecoletas.com\/noticias\/aulas-la-salud-norte-castilla-david-galarreta-mira\/\">Aulas de la Salud &#8211; El Norte de Castilla &#8211; David Galarreta Mira<\/a><\/blockquote><iframe sandbox=\"allow-scripts\" security=\"restricted\" src=\"https:\/\/www.gruporecoletas.com\/noticias\/aulas-la-salud-norte-castilla-david-galarreta-mira\/embed\/#?secret=gOM4dbBkrl\" width=\"600\" height=\"338\" title=\"\u00abAulas de la Salud &#8211; El Norte de Castilla &#8211; David Galarreta Mira\u00bb \u2014 Noticias Grupo Recoletas\" data-secret=\"gOM4dbBkrl\" frameborder=\"0\" marginwidth=\"0\" marginheight=\"0\" scrolling=\"no\" class=\"wp-embedded-content\"><\/iframe><script type=\"text\/javascript\">\n\/* <![CDATA[ *\/\n\/*! This file is auto-generated *\/\n!function(d,l){\"use strict\";l.querySelector&&d.addEventListener&&\"undefined\"!=typeof URL&&(d.wp=d.wp||{},d.wp.receiveEmbedMessage||(d.wp.receiveEmbedMessage=function(e){var t=e.data;if((t||t.secret||t.message||t.value)&&!\/[^a-zA-Z0-9]\/.test(t.secret)){for(var s,r,n,a=l.querySelectorAll('iframe[data-secret=\"'+t.secret+'\"]'),o=l.querySelectorAll('blockquote[data-secret=\"'+t.secret+'\"]'),c=new RegExp(\"^https?:$\",\"i\"),i=0;i<o.length;i++)o[i].style.display=\"none\";for(i=0;i<a.length;i++)s=a[i],e.source===s.contentWindow&&(s.removeAttribute(\"style\"),\"height\"===t.message?(1e3<(r=parseInt(t.value,10))?r=1e3:~~r<200&&(r=200),s.height=r):\"link\"===t.message&&(r=new URL(s.getAttribute(\"src\")),n=new URL(t.value),c.test(n.protocol))&&n.host===r.host&&l.activeElement===s&&(d.top.location.href=t.value))}},d.addEventListener(\"message\",d.wp.receiveEmbedMessage,!1),l.addEventListener(\"DOMContentLoaded\",function(){for(var e,t,s=l.querySelectorAll(\"iframe.wp-embedded-content\"),r=0;r<s.length;r++)(t=(e=s[r]).getAttribute(\"data-secret\"))||(t=Math.random().toString(36).substring(2,12),e.src+=\"#?secret=\"+t,e.setAttribute(\"data-secret\",t)),e.contentWindow.postMessage({message:\"ready\",secret:t},\"*\")},!1)))}(window,document);\n\/\/# sourceURL=https:\/\/www.gruporecoletas.com\/noticias\/wp-includes\/js\/wp-embed.min.js\n\/* ]]> *\/\n<\/script>\n","thumbnail_url":"https:\/\/www.gruporecoletas.com\/noticias\/wp-content\/uploads\/2018\/03\/maxresdefault-5.jpg","thumbnail_width":1280,"thumbnail_height":720,"description":"Ayer disfrutamos de de una nueva \u00abAula de Salud\u00bb que organiza&nbsp;El Norte de Castilla. en la que el doctor David Galarreta Mira, director m\u00e9dico del Instituto Oftalmol\u00f3gico Recoletas. Nos habl\u00f3 de la \u00abLa cirug\u00eda de la catarata en el siglo XXI\u00bb. La charla estuvo formada por tres grandes bloques, el primero sobre que es y [&hellip;]"}

Ayer disfrutamos de de una nueva «Aula de Salud» que organiza&nbsp;El Norte de Castilla. en la que el doctor David Galarreta Mira, director médico del Instituto Oftalmológico Recoletas. Nos habló de la «La cirugía de la catarata en el siglo XXI». La charla estuvo formada por tres grandes bloques, el primero sobre que es y [&hellip;]
