{"version":"1.0","provider_name":"Noticias Grupo Recoletas","provider_url":"https:\/\/www.gruporecoletas.com\/noticias","author_name":"Recoletas Red Hospitalaria","author_url":"https:\/\/www.gruporecoletas.com\/noticias\/author\/comunicacion\/","title":"EPOC, Enfermedad Pulmonar Obstructiva Cr\u00f3nica","type":"rich","width":600,"height":338,"html":"<blockquote class=\"wp-embedded-content\" data-secret=\"8V87ZnzXk5\"><a href=\"https:\/\/www.gruporecoletas.com\/noticias\/epoc-enfermedad-pulmonar-obstructiva-cronica\/\">EPOC, Enfermedad Pulmonar Obstructiva Cr\u00f3nica<\/a><\/blockquote><iframe sandbox=\"allow-scripts\" security=\"restricted\" src=\"https:\/\/www.gruporecoletas.com\/noticias\/epoc-enfermedad-pulmonar-obstructiva-cronica\/embed\/#?secret=8V87ZnzXk5\" width=\"600\" height=\"338\" title=\"\u00abEPOC, Enfermedad Pulmonar Obstructiva Cr\u00f3nica\u00bb \u2014 Noticias Grupo Recoletas\" data-secret=\"8V87ZnzXk5\" frameborder=\"0\" marginwidth=\"0\" marginheight=\"0\" scrolling=\"no\" class=\"wp-embedded-content\"><\/iframe><script type=\"text\/javascript\">\n\/* <![CDATA[ *\/\n\/*! This file is auto-generated *\/\n!function(d,l){\"use strict\";l.querySelector&&d.addEventListener&&\"undefined\"!=typeof URL&&(d.wp=d.wp||{},d.wp.receiveEmbedMessage||(d.wp.receiveEmbedMessage=function(e){var t=e.data;if((t||t.secret||t.message||t.value)&&!\/[^a-zA-Z0-9]\/.test(t.secret)){for(var s,r,n,a=l.querySelectorAll('iframe[data-secret=\"'+t.secret+'\"]'),o=l.querySelectorAll('blockquote[data-secret=\"'+t.secret+'\"]'),c=new RegExp(\"^https?:$\",\"i\"),i=0;i<o.length;i++)o[i].style.display=\"none\";for(i=0;i<a.length;i++)s=a[i],e.source===s.contentWindow&&(s.removeAttribute(\"style\"),\"height\"===t.message?(1e3<(r=parseInt(t.value,10))?r=1e3:~~r<200&&(r=200),s.height=r):\"link\"===t.message&&(r=new URL(s.getAttribute(\"src\")),n=new URL(t.value),c.test(n.protocol))&&n.host===r.host&&l.activeElement===s&&(d.top.location.href=t.value))}},d.addEventListener(\"message\",d.wp.receiveEmbedMessage,!1),l.addEventListener(\"DOMContentLoaded\",function(){for(var e,t,s=l.querySelectorAll(\"iframe.wp-embedded-content\"),r=0;r<s.length;r++)(t=(e=s[r]).getAttribute(\"data-secret\"))||(t=Math.random().toString(36).substring(2,12),e.src+=\"#?secret=\"+t,e.setAttribute(\"data-secret\",t)),e.contentWindow.postMessage({message:\"ready\",secret:t},\"*\")},!1)))}(window,document);\n\/\/# sourceURL=https:\/\/www.gruporecoletas.com\/noticias\/wp-includes\/js\/wp-embed.min.js\n\/* ]]> *\/\n<\/script>\n","thumbnail_url":"https:\/\/www.gruporecoletas.com\/noticias\/wp-content\/uploads\/2019\/03\/epoc.jpg","thumbnail_width":1400,"thumbnail_height":1120,"description":"El d\u00eda 21 de Noviembre se celebra el D\u00eda Mundial de la EPOC. \u00c9sta, por sus siglas, Enfermedad Pulmonar Obstructiva Cr\u00f3nica, es una enfermedad poco conocida entre la poblaci\u00f3n general, pero se trata de un problema de salud de primer orden. En Espa\u00f1a, se estima que hay unos 2,9 millones de personas con esta enfermedad, [&hellip;]"}

EPOC, Enfermedad Pulmonar Obstructiva Crónica

<blockquote class="wp-embedded-content" data-secret="8V87ZnzXk5"><a href="https://www.gruporecoletas.com/noticias/epoc-enfermedad-pulmonar-obstructiva-cronica/">EPOC, Enfermedad Pulmonar Obstructiva Crónica</a></blockquote><iframe sandbox="allow-scripts" security="restricted" src="https://www.gruporecoletas.com/noticias/epoc-enfermedad-pulmonar-obstructiva-cronica/embed/#?secret=8V87ZnzXk5" width="600" height="338" title="«EPOC, Enfermedad Pulmonar Obstructiva Crónica» — Noticias Grupo Recoletas" data-secret="8V87ZnzXk5" frameborder="0" marginwidth="0" marginheight="0" scrolling="no" class="wp-embedded-content"></iframe><script type="text/javascript">
/* <![CDATA[ */
/*! This file is auto-generated */
!function(d,l){"use strict";l.querySelector&&d.addEventListener&&"undefined"!=typeof URL&&(d.wp=d.wp||{},d.wp.receiveEmbedMessage||(d.wp.receiveEmbedMessage=function(e){var t=e.data;if((t||t.secret||t.message||t.value)&&!/[^a-zA-Z0-9]/.test(t.secret)){for(var s,r,n,a=l.querySelectorAll('iframe[data-secret="'+t.secret+'"]'),o=l.querySelectorAll('blockquote[data-secret="'+t.secret+'"]'),c=new RegExp("^https?:$","i"),i=0;i<o.length;i++)o[i].style.display="none";for(i=0;i<a.length;i++)s=a[i],e.source===s.contentWindow&&(s.removeAttribute("style"),"height"===t.message?(1e3<(r=parseInt(t.value,10))?r=1e3:~~r<200&&(r=200),s.height=r):"link"===t.message&&(r=new URL(s.getAttribute("src")),n=new URL(t.value),c.test(n.protocol))&&n.host===r.host&&l.activeElement===s&&(d.top.location.href=t.value))}},d.addEventListener("message",d.wp.receiveEmbedMessage,!1),l.addEventListener("DOMContentLoaded",function(){for(var e,t,s=l.querySelectorAll("iframe.wp-embedded-content"),r=0;r<s.length;r++)(t=(e=s[r]).getAttribute("data-secret"))||(t=Math.random().toString(36).substring(2,12),e.src+="#?secret="+t,e.setAttribute("data-secret",t)),e.contentWindow.postMessage({message:"ready",secret:t},"*")},!1)))}(window,document);
//# sourceURL=https://www.gruporecoletas.com/noticias/wp-includes/js/wp-embed.min.js
/* ]]> */
</script>

El día 21 de Noviembre se celebra el Día Mundial de la EPOC. Ésta, por sus siglas, Enfermedad Pulmonar Obstructiva Crónica, es una enfermedad poco conocida entre la población general, pero se trata de un problema de salud de primer orden. En España, se estima que hay unos 2,9 millones de personas con esta enfermedad, [&hellip;]
