{"version":"1.0","provider_name":"Noticias Grupo Recoletas","provider_url":"https:\/\/www.gruporecoletas.com\/noticias","author_name":"Recoletas Red Hospitalaria","author_url":"https:\/\/www.gruporecoletas.com\/noticias\/author\/comunicacion\/","title":"Glaucoma: una de las principales causas de ceguera en el mundo","type":"rich","width":600,"height":338,"html":"<blockquote class=\"wp-embedded-content\" data-secret=\"Ogl5H07Cs5\"><a href=\"https:\/\/www.gruporecoletas.com\/noticias\/glaucoma-enfermedad-perdida-vision\/\">Glaucoma: una de las principales causas de ceguera en el mundo<\/a><\/blockquote><iframe sandbox=\"allow-scripts\" security=\"restricted\" src=\"https:\/\/www.gruporecoletas.com\/noticias\/glaucoma-enfermedad-perdida-vision\/embed\/#?secret=Ogl5H07Cs5\" width=\"600\" height=\"338\" title=\"\u00abGlaucoma: una de las principales causas de ceguera en el mundo\u00bb \u2014 Noticias Grupo Recoletas\" data-secret=\"Ogl5H07Cs5\" frameborder=\"0\" marginwidth=\"0\" marginheight=\"0\" scrolling=\"no\" class=\"wp-embedded-content\"><\/iframe><script type=\"text\/javascript\">\n\/* <![CDATA[ *\/\n\/*! This file is auto-generated *\/\n!function(d,l){\"use strict\";l.querySelector&&d.addEventListener&&\"undefined\"!=typeof URL&&(d.wp=d.wp||{},d.wp.receiveEmbedMessage||(d.wp.receiveEmbedMessage=function(e){var t=e.data;if((t||t.secret||t.message||t.value)&&!\/[^a-zA-Z0-9]\/.test(t.secret)){for(var s,r,n,a=l.querySelectorAll('iframe[data-secret=\"'+t.secret+'\"]'),o=l.querySelectorAll('blockquote[data-secret=\"'+t.secret+'\"]'),c=new RegExp(\"^https?:$\",\"i\"),i=0;i<o.length;i++)o[i].style.display=\"none\";for(i=0;i<a.length;i++)s=a[i],e.source===s.contentWindow&&(s.removeAttribute(\"style\"),\"height\"===t.message?(1e3<(r=parseInt(t.value,10))?r=1e3:~~r<200&&(r=200),s.height=r):\"link\"===t.message&&(r=new URL(s.getAttribute(\"src\")),n=new URL(t.value),c.test(n.protocol))&&n.host===r.host&&l.activeElement===s&&(d.top.location.href=t.value))}},d.addEventListener(\"message\",d.wp.receiveEmbedMessage,!1),l.addEventListener(\"DOMContentLoaded\",function(){for(var e,t,s=l.querySelectorAll(\"iframe.wp-embedded-content\"),r=0;r<s.length;r++)(t=(e=s[r]).getAttribute(\"data-secret\"))||(t=Math.random().toString(36).substring(2,12),e.src+=\"#?secret=\"+t,e.setAttribute(\"data-secret\",t)),e.contentWindow.postMessage({message:\"ready\",secret:t},\"*\")},!1)))}(window,document);\n\/\/# sourceURL=https:\/\/www.gruporecoletas.com\/noticias\/wp-includes\/js\/wp-embed.min.js\n\/* ]]> *\/\n<\/script>\n","thumbnail_url":"https:\/\/www.gruporecoletas.com\/noticias\/wp-content\/uploads\/2019\/08\/Glaucoma-Perdida-de-vision-Principal-causa-de-ceguera.jpg","thumbnail_width":950,"thumbnail_height":634,"description":"Autor: dr. Jesus Alberto Pi\u00f1uel Gonz\u00e1lez \u2013 Unidad de Oftalmolog\u00eda Hablamos de una enfermedad importante y frecuente, que constituye la segunda causa de ceguera en el mundo seg\u00fan la Organizaci\u00f3n Mundial de la Salud (OMS). Adem\u00e1s, debemos de puntualizar que la primera causa de ceguera es la catarata, en cuyo caso podemos revertir la situaci\u00f3n [&hellip;]"}

Autor: dr. Jesus Alberto Piñuel González – Unidad de Oftalmología Hablamos de una enfermedad importante y frecuente, que constituye la segunda causa de ceguera en el mundo según la Organización Mundial de la Salud (OMS). Además, debemos de puntualizar que la primera causa de ceguera es la catarata, en cuyo caso podemos revertir la situación [&hellip;]
