{"version":"1.0","provider_name":"Noticias Grupo Recoletas","provider_url":"https:\/\/www.gruporecoletas.com\/noticias","author_name":"Recoletas Red Hospitalaria","author_url":"https:\/\/www.gruporecoletas.com\/noticias\/author\/comunicacion\/","title":"\u00bfC\u00f3mo se trata la otitis en beb\u00e9s y ni\u00f1os?","type":"rich","width":600,"height":338,"html":"<blockquote class=\"wp-embedded-content\" data-secret=\"CgMXTCN13C\"><a href=\"https:\/\/www.gruporecoletas.com\/noticias\/se-trata-la-otitis-bebes-ninos\/\">\u00bfC\u00f3mo se trata la otitis en beb\u00e9s y ni\u00f1os?<\/a><\/blockquote><iframe sandbox=\"allow-scripts\" security=\"restricted\" src=\"https:\/\/www.gruporecoletas.com\/noticias\/se-trata-la-otitis-bebes-ninos\/embed\/#?secret=CgMXTCN13C\" width=\"600\" height=\"338\" title=\"\u00ab\u00bfC\u00f3mo se trata la otitis en beb\u00e9s y ni\u00f1os?\u00bb \u2014 Noticias Grupo Recoletas\" data-secret=\"CgMXTCN13C\" frameborder=\"0\" marginwidth=\"0\" marginheight=\"0\" scrolling=\"no\" class=\"wp-embedded-content\"><\/iframe><script type=\"text\/javascript\">\n\/* <![CDATA[ *\/\n\/*! This file is auto-generated *\/\n!function(d,l){\"use strict\";l.querySelector&&d.addEventListener&&\"undefined\"!=typeof URL&&(d.wp=d.wp||{},d.wp.receiveEmbedMessage||(d.wp.receiveEmbedMessage=function(e){var t=e.data;if((t||t.secret||t.message||t.value)&&!\/[^a-zA-Z0-9]\/.test(t.secret)){for(var s,r,n,a=l.querySelectorAll('iframe[data-secret=\"'+t.secret+'\"]'),o=l.querySelectorAll('blockquote[data-secret=\"'+t.secret+'\"]'),c=new RegExp(\"^https?:$\",\"i\"),i=0;i<o.length;i++)o[i].style.display=\"none\";for(i=0;i<a.length;i++)s=a[i],e.source===s.contentWindow&&(s.removeAttribute(\"style\"),\"height\"===t.message?(1e3<(r=parseInt(t.value,10))?r=1e3:~~r<200&&(r=200),s.height=r):\"link\"===t.message&&(r=new URL(s.getAttribute(\"src\")),n=new URL(t.value),c.test(n.protocol))&&n.host===r.host&&l.activeElement===s&&(d.top.location.href=t.value))}},d.addEventListener(\"message\",d.wp.receiveEmbedMessage,!1),l.addEventListener(\"DOMContentLoaded\",function(){for(var e,t,s=l.querySelectorAll(\"iframe.wp-embedded-content\"),r=0;r<s.length;r++)(t=(e=s[r]).getAttribute(\"data-secret\"))||(t=Math.random().toString(36).substring(2,12),e.src+=\"#?secret=\"+t,e.setAttribute(\"data-secret\",t)),e.contentWindow.postMessage({message:\"ready\",secret:t},\"*\")},!1)))}(window,document);\n\/\/# sourceURL=https:\/\/www.gruporecoletas.com\/noticias\/wp-includes\/js\/wp-embed.min.js\n\/* ]]> *\/\n<\/script>\n","thumbnail_url":"https:\/\/www.gruporecoletas.com\/noticias\/wp-content\/uploads\/2017\/03\/otitis.jpg","thumbnail_width":1400,"thumbnail_height":1139,"description":"La otitis es una enfermedad frecuente en los ni\u00f1os. Se trata de una inflamaci\u00f3n de alguna parte del o\u00eddo. Puede estar causada porque quede agua dentro del o\u00eddo despu\u00e9s del ba\u00f1o, por un resfriado o por otras causas. Produce dolor y malestar. Normalmente se trata aplicando calor en la zona y administrando analg\u00e9sicos. Su complicaci\u00f3n [&hellip;]"}

¿Cómo se trata la otitis en bebés y niños?

<blockquote class="wp-embedded-content" data-secret="CgMXTCN13C"><a href="https://www.gruporecoletas.com/noticias/se-trata-la-otitis-bebes-ninos/">¿Cómo se trata la otitis en bebés y niños?</a></blockquote><iframe sandbox="allow-scripts" security="restricted" src="https://www.gruporecoletas.com/noticias/se-trata-la-otitis-bebes-ninos/embed/#?secret=CgMXTCN13C" width="600" height="338" title="«¿Cómo se trata la otitis en bebés y niños?» — Noticias Grupo Recoletas" data-secret="CgMXTCN13C" frameborder="0" marginwidth="0" marginheight="0" scrolling="no" class="wp-embedded-content"></iframe><script type="text/javascript">
/* <![CDATA[ */
/*! This file is auto-generated */
!function(d,l){"use strict";l.querySelector&&d.addEventListener&&"undefined"!=typeof URL&&(d.wp=d.wp||{},d.wp.receiveEmbedMessage||(d.wp.receiveEmbedMessage=function(e){var t=e.data;if((t||t.secret||t.message||t.value)&&!/[^a-zA-Z0-9]/.test(t.secret)){for(var s,r,n,a=l.querySelectorAll('iframe[data-secret="'+t.secret+'"]'),o=l.querySelectorAll('blockquote[data-secret="'+t.secret+'"]'),c=new RegExp("^https?:$","i"),i=0;i<o.length;i++)o[i].style.display="none";for(i=0;i<a.length;i++)s=a[i],e.source===s.contentWindow&&(s.removeAttribute("style"),"height"===t.message?(1e3<(r=parseInt(t.value,10))?r=1e3:~~r<200&&(r=200),s.height=r):"link"===t.message&&(r=new URL(s.getAttribute("src")),n=new URL(t.value),c.test(n.protocol))&&n.host===r.host&&l.activeElement===s&&(d.top.location.href=t.value))}},d.addEventListener("message",d.wp.receiveEmbedMessage,!1),l.addEventListener("DOMContentLoaded",function(){for(var e,t,s=l.querySelectorAll("iframe.wp-embedded-content"),r=0;r<s.length;r++)(t=(e=s[r]).getAttribute("data-secret"))||(t=Math.random().toString(36).substring(2,12),e.src+="#?secret="+t,e.setAttribute("data-secret",t)),e.contentWindow.postMessage({message:"ready",secret:t},"*")},!1)))}(window,document);
//# sourceURL=https://www.gruporecoletas.com/noticias/wp-includes/js/wp-embed.min.js
/* ]]> */
</script>

La otitis es una enfermedad frecuente en los niños. Se trata de una inflamación de alguna parte del oído. Puede estar causada porque quede agua dentro del oído después del baño, por un resfriado o por otras causas. Produce dolor y malestar. Normalmente se trata aplicando calor en la zona y administrando analgésicos. Su complicación [&hellip;]
